{"id":2,"date":"2017-07-02T12:47:16","date_gmt":"2017-07-02T10:47:16","guid":{"rendered":"http:\/\/kmita.art.pl\/?page_id=2"},"modified":"2026-01-26T20:04:02","modified_gmt":"2026-01-26T19:04:02","slug":"o-zespole","status":"publish","type":"page","link":"https:\/\/kmita.art.pl\/index.php\/o-zespole\/","title":{"rendered":"O zespole"},"content":{"rendered":"\t\t<div data-elementor-type=\"wp-page\" data-elementor-id=\"2\" class=\"elementor elementor-2\">\n\t\t\t\t\t\t<section class=\"elementor-section elementor-top-section elementor-element elementor-element-6a140378 elementor-section-boxed elementor-section-height-default elementor-section-height-default\" data-id=\"6a140378\" data-element_type=\"section\">\n\t\t\t\t\t\t<div class=\"elementor-container elementor-column-gap-default\">\n\t\t\t\t\t<div class=\"elementor-column elementor-col-100 elementor-top-column elementor-element elementor-element-6dbc8af3\" data-id=\"6dbc8af3\" data-element_type=\"column\">\n\t\t\t<div class=\"elementor-widget-wrap elementor-element-populated\">\n\t\t\t\t\t\t<div class=\"elementor-element elementor-element-3a7f8147 elementor-widget elementor-widget-text-editor\" data-id=\"3a7f8147\" data-element_type=\"widget\" data-widget_type=\"text-editor.default\">\n\t\t\t\t<div class=\"elementor-widget-container\">\n\t\t\t\t\t\t\t<p style=\"text-align: right;\"><strong>Grupa Rafa\u0142a Kmity powsta\u0142a w roku 1993.<\/strong><\/p>\n<p>W ci\u0105gu dotychczasowych lat dzia\u0142alno\u015bci zagra\u0142a ponad 4000 przedstawie\u0144, prezentuj\u0105c swoje spektakle nie tylko w Polsce,<\/p>\n<p>ale r\u00f3wnie\u017c w Rosji, Szwecji, Austrii, Francji, a tak\u017ce w Stanach Zjednoczonych.<\/p>\n<p>W tym czasie przez przedstawienia&nbsp;<strong>Grupy<\/strong>&nbsp;przewin\u0119\u0142o si\u0119 blisko stu wykonawc\u00f3w (m.in.&nbsp;Anita Lipnicka,&nbsp;Sonia Bohosiewicz,&nbsp;Marta Bizo\u0144,&nbsp;Tomasz Kot,&nbsp;Tadeusz Kwinta,&nbsp;Feliks Szajnert,&nbsp;Krzysztof Pluskota).<\/p>\n<p><img fetchpriority=\"high\" decoding=\"async\" class=\"aligncenter wp-image-243\" src=\"http:\/\/kmita.art.pl\/wp-content\/uploads\/2017\/07\/jpng6.jpg\" alt=\"\" width=\"700\" height=\"466\" srcset=\"https:\/\/kmita.art.pl\/wp-content\/uploads\/2017\/07\/jpng6.jpg 1024w, https:\/\/kmita.art.pl\/wp-content\/uploads\/2017\/07\/jpng6-300x200.jpg 300w, https:\/\/kmita.art.pl\/wp-content\/uploads\/2017\/07\/jpng6-768x512.jpg 768w\" sizes=\"(max-width: 700px) 100vw, 700px\" \/>&nbsp; &nbsp; &nbsp; &nbsp; &nbsp; &nbsp; &nbsp; &nbsp; &nbsp; &nbsp; &nbsp; &nbsp; &nbsp; &nbsp; &nbsp; &nbsp; &nbsp; &nbsp; &nbsp; &nbsp; &nbsp; &nbsp; &nbsp; &nbsp; &nbsp; &nbsp; &nbsp; &nbsp; &nbsp; &nbsp; &nbsp; &nbsp; &nbsp; &nbsp; &nbsp; &nbsp; &nbsp; &nbsp; &nbsp; &nbsp; &nbsp; &nbsp; &nbsp; &nbsp; &nbsp; &nbsp; &nbsp; &nbsp; &nbsp; &nbsp; &nbsp; &nbsp; &nbsp; &nbsp; &nbsp; &nbsp; &nbsp; &nbsp; &nbsp; &nbsp; &nbsp; &nbsp; &nbsp; &nbsp; &nbsp; &nbsp; &nbsp; &nbsp; &nbsp; &nbsp; &nbsp; &nbsp; &nbsp; &nbsp; &nbsp; &nbsp; &nbsp; &nbsp; &nbsp; &nbsp; &nbsp; &nbsp; &nbsp; &nbsp; &nbsp; &nbsp; &nbsp; &nbsp; &nbsp; &nbsp; &nbsp; &nbsp; &nbsp; &nbsp; &nbsp; &nbsp; &nbsp; &nbsp; &nbsp; &nbsp; &nbsp; &nbsp; &nbsp; &nbsp; &nbsp; &nbsp; &nbsp; &nbsp; &nbsp; &nbsp; &nbsp; &nbsp; &nbsp; &nbsp; &nbsp; &nbsp; Fot. Piotr Galus<\/p>\n<p>Scenarzyst\u0105, autorem wszystkich tekst\u00f3w oraz re\u017cyserem&nbsp;<strong>Grupy<\/strong>&nbsp;jest&nbsp;Rafa\u0142 Kmita, natomiast kompozytorem i kierownikiem muzycznym \u2013&nbsp;Boles\u0142aw Rawski.<\/p>\n<p><img decoding=\"async\" class=\"aligncenter wp-image-238\" src=\"http:\/\/kmita.art.pl\/wp-content\/uploads\/2017\/07\/jnpg2.jpg\" alt=\"\" width=\"700\" height=\"466\" srcset=\"https:\/\/kmita.art.pl\/wp-content\/uploads\/2017\/07\/jnpg2.jpg 1024w, https:\/\/kmita.art.pl\/wp-content\/uploads\/2017\/07\/jnpg2-300x200.jpg 300w, https:\/\/kmita.art.pl\/wp-content\/uploads\/2017\/07\/jnpg2-768x512.jpg 768w\" sizes=\"(max-width: 700px) 100vw, 700px\" \/>&nbsp; Fot. Piotr Galus<\/p>\n<p><strong>Grupa Rafa\u0142a Kmity<\/strong>&nbsp;zdoby\u0142a wiele nagr\u00f3d na festiwalach teatralnych i kabaretowych. Mi\u0119dzy innymi trzykrotnie wygra\u0142a&nbsp;Przegl\u0105d Kabaret\u00f3w PAKA&nbsp;w Krakowie (1993, 1994, 1995), co nie uda\u0142o si\u0119 nikomu ani wcze\u015bniej ani p\u00f3\u017aniej.<\/p>\n<p>To z tamtego okresu pochodz\u0105 s\u0142owa Andrzeja Mleczki:<strong><em>&nbsp;\u201eZ dzik\u0105 rado\u015bci\u0105 obejrza\u0142em \u201ePop-show\u201d kabaretu Rafa\u0142a Kmity. Zapewni\u0142 mi on nie tylko straw\u0119 intelektualn\u0105, i nie tylko by\u0142 piekielnie \u015bmieszny, ale nawi\u0105zywa\u0142 r\u00f3wnie\u017c do kabaretu moich marze\u0144, czyli by\u0142 na pograniczu teatru, rewii i tradycyjnego przedstawienia kabaretowego.\u201d<\/em><\/strong><\/p>\n<p><img decoding=\"async\" class=\"aligncenter wp-image-242\" src=\"http:\/\/kmita.art.pl\/wp-content\/uploads\/2017\/07\/jnpg8.jpg\" alt=\"\" width=\"700\" height=\"466\" srcset=\"https:\/\/kmita.art.pl\/wp-content\/uploads\/2017\/07\/jnpg8.jpg 1024w, https:\/\/kmita.art.pl\/wp-content\/uploads\/2017\/07\/jnpg8-300x200.jpg 300w, https:\/\/kmita.art.pl\/wp-content\/uploads\/2017\/07\/jnpg8-768x512.jpg 768w\" sizes=\"(max-width: 700px) 100vw, 700px\" \/>Fot. Piotr Galus<\/p>\n<p><strong>Grupa<\/strong>&nbsp;bra\u0142a udzia\u0142 w szeregu przedsi\u0119wzi\u0119\u0107 telewizyjnych i radiowych. W roku 1997 program \u201ePop-show\u201d reprezentowa\u0142 Telewizj\u0119 Polsk\u0105 na Festiwalu Rozrywki Telewizyjnej w Montreux.<\/p>\n<p><img loading=\"lazy\" decoding=\"async\" class=\"aligncenter wp-image-241\" src=\"http:\/\/kmita.art.pl\/wp-content\/uploads\/2017\/07\/jnpg7.jpg\" alt=\"\" width=\"700\" height=\"466\" srcset=\"https:\/\/kmita.art.pl\/wp-content\/uploads\/2017\/07\/jnpg7.jpg 1024w, https:\/\/kmita.art.pl\/wp-content\/uploads\/2017\/07\/jnpg7-300x200.jpg 300w, https:\/\/kmita.art.pl\/wp-content\/uploads\/2017\/07\/jnpg7-768x512.jpg 768w\" sizes=\"(max-width: 700px) 100vw, 700px\" \/>Fot. Piotr Galus<\/p>\n<p><strong>Grupa<\/strong>&nbsp;poza dzia\u0142alno\u015bci\u0105 objazdow\u0105 wi\u0105\u017ce si\u0119 na d\u0142u\u017cej z teatrami, wystawiaj\u0105c w nich kolejne premiery i graj\u0105c tam repertuarowo. (Teatr Stu w Krakowie, warszawski Teatr na Woli, Teatr Rampa, Teatr Rozrywki w Chorzowie, Teatr Muzyczny w \u0141odzi, Teatr Groteska w Krakowie).<\/p>\n<p><img loading=\"lazy\" decoding=\"async\" class=\"aligncenter wp-image-239\" src=\"http:\/\/kmita.art.pl\/wp-content\/uploads\/2017\/07\/jnpg3.jpg\" alt=\"\" width=\"700\" height=\"466\" srcset=\"https:\/\/kmita.art.pl\/wp-content\/uploads\/2017\/07\/jnpg3.jpg 1024w, https:\/\/kmita.art.pl\/wp-content\/uploads\/2017\/07\/jnpg3-300x200.jpg 300w, https:\/\/kmita.art.pl\/wp-content\/uploads\/2017\/07\/jnpg3-768x512.jpg 768w\" sizes=\"(max-width: 700px) 100vw, 700px\" \/>Fot. Piotr Galus<\/p>\n<p>Jak podkre\u015blaj\u0105 recenzenci spektakle&nbsp;<strong>Grupy<\/strong>&nbsp;to b\u0142yskotliwe, pe\u0142ne przewrotnego humoru teksty, znakomita muzyka i wysokiej pr\u00f3by, \u017cywio\u0142owe aktorstwo. Z ca\u0142\u0105 pewno\u015bci\u0105 na tle wszechogarniaj\u0105cej nas kabaretowej bylejako\u015bci Grupa Rafa\u0142a Kmity to na polskich scenach prawdziwy unikat. Oto jak kiedy\u015b opisa\u0142 to zjawisko Micha\u0142 Og\u00f3rek:<strong><em>&nbsp;\u201eW muzyce akord dramatyczny r\u00f3\u017cni si\u0119 od lekkiego tylko jedn\u0105 nut\u0105 \u2013 Grup\u0119 Rafa\u0142a Kmity poznaje si\u0119 po tym, \u017ce u nich komizm dzieli od tragizmu tylko jedno s\u0142owo\u2026\u201d<\/em><\/strong><\/p>\n<p><img loading=\"lazy\" decoding=\"async\" class=\"aligncenter wp-image-240\" src=\"http:\/\/kmita.art.pl\/wp-content\/uploads\/2017\/07\/jnpg4.jpg\" alt=\"\" width=\"700\" height=\"466\" srcset=\"https:\/\/kmita.art.pl\/wp-content\/uploads\/2017\/07\/jnpg4.jpg 1024w, https:\/\/kmita.art.pl\/wp-content\/uploads\/2017\/07\/jnpg4-300x200.jpg 300w, https:\/\/kmita.art.pl\/wp-content\/uploads\/2017\/07\/jnpg4-768x512.jpg 768w\" sizes=\"(max-width: 700px) 100vw, 700px\" \/>Fot. Piotr Galus<\/p>\n<p><strong>Spektakle teatralne:&nbsp;<\/strong><\/p>\n<p>\u201eWszyscy\u015bmy z jednego szynela\u201d&nbsp;(1997)<\/p>\n<p>\u201eCa-sting\u201d&nbsp;(2002)<\/p>\n<p>\u201eAj waj! czyli historie z cynamonem\u201d&nbsp;(2005)<\/p>\n<p><\/p>\n<p><strong>Spektakle kabaretowe:<\/strong><\/p>\n<p>\u201eG\u0142usi jak pie\u0144\u201d&nbsp;(1993)<\/p>\n<p>\u201eTrzy zdania o umieraniu\u201d&nbsp;(1994)<\/p>\n<p>\u201ePop-show\u201d&nbsp;(1995)<\/p>\n<p>\u201eWiecz\u00f3r kabaretowy\u201d&nbsp;(2004)<\/p>\n<p>\u201eDo\u015b\u0107!\u2026 dobry wyr\u00f3b kabaretopodobny\u201d (2009)<\/p>\n<p>\u201eJeszcze nie pora nam spa\u0107\u201d (2012)<\/p>\n<p><img loading=\"lazy\" decoding=\"async\" class=\"aligncenter wp-image-237\" src=\"http:\/\/kmita.art.pl\/wp-content\/uploads\/2017\/07\/jnpg1.jpg\" alt=\"\" width=\"700\" height=\"466\" srcset=\"https:\/\/kmita.art.pl\/wp-content\/uploads\/2017\/07\/jnpg1.jpg 1024w, https:\/\/kmita.art.pl\/wp-content\/uploads\/2017\/07\/jnpg1-300x200.jpg 300w, https:\/\/kmita.art.pl\/wp-content\/uploads\/2017\/07\/jnpg1-768x512.jpg 768w\" sizes=\"(max-width: 700px) 100vw, 700px\" \/>Fot. Piotr Galus<\/p>\n<p><strong>Obecny sk\u0142ad Grupy Rafa\u0142a Kmity:<\/strong><\/p>\n<p>Katarzyna Chlebny,&nbsp;Agata My\u015bliwiec,&nbsp;Grzegorz Kli\u015b,&nbsp;Arkadiusz Lipnicki,&nbsp;Piotr Plewa,&nbsp;Andrzej R\u00f3g,&nbsp;Dariusz Starczewski,&nbsp;Karol Wolski,&nbsp;Marcel Wiercichowski&nbsp;<\/p>\n<p><\/p>\t\t\t\t\t\t<\/div>\n\t\t\t\t<\/div>\n\t\t\t\t\t<\/div>\n\t\t<\/div>\n\t\t\t\t\t<\/div>\n\t\t<\/section>\n\t\t\t\t<\/div>\n\t\t","protected":false},"excerpt":{"rendered":"<p>Grupa Rafa\u0142a Kmity powsta\u0142a w roku 1993. W ci\u0105gu dotychczasowych lat dzia\u0142alno\u015bci zagra\u0142a ponad 4000 przedstawie\u0144, prezentuj\u0105c swoje spektakle nie tylko w Polsce, ale r\u00f3wnie\u017c w Rosji, Szwecji, Austrii, Francji, a tak\u017ce w Stanach Zjednoczonych. W tym czasie przez przedstawienia&nbsp;Grupy&nbsp;przewin\u0119\u0142o si\u0119 blisko stu wykonawc\u00f3w (m.in.&nbsp;Anita Lipnicka,&nbsp;Sonia Bohosiewicz,&nbsp;Marta Bizo\u0144,&nbsp;Tomasz Kot,&nbsp;Tadeusz Kwinta,&nbsp;Feliks Szajnert,&nbsp;Krzysztof Pluskota). &nbsp; &nbsp; &nbsp; [&hellip;]<\/p>\n","protected":false},"author":1,"featured_media":0,"parent":0,"menu_order":0,"comment_status":"closed","ping_status":"closed","template":"elementor_header_footer","meta":{"footnotes":""},"class_list":["post-2","page","type-page","status-publish","hentry"],"_links":{"self":[{"href":"https:\/\/kmita.art.pl\/index.php\/wp-json\/wp\/v2\/pages\/2"}],"collection":[{"href":"https:\/\/kmita.art.pl\/index.php\/wp-json\/wp\/v2\/pages"}],"about":[{"href":"https:\/\/kmita.art.pl\/index.php\/wp-json\/wp\/v2\/types\/page"}],"author":[{"embeddable":true,"href":"https:\/\/kmita.art.pl\/index.php\/wp-json\/wp\/v2\/users\/1"}],"replies":[{"embeddable":true,"href":"https:\/\/kmita.art.pl\/index.php\/wp-json\/wp\/v2\/comments?post=2"}],"version-history":[{"count":19,"href":"https:\/\/kmita.art.pl\/index.php\/wp-json\/wp\/v2\/pages\/2\/revisions"}],"predecessor-version":[{"id":1391,"href":"https:\/\/kmita.art.pl\/index.php\/wp-json\/wp\/v2\/pages\/2\/revisions\/1391"}],"wp:attachment":[{"href":"https:\/\/kmita.art.pl\/index.php\/wp-json\/wp\/v2\/media?parent=2"}],"curies":[{"name":"wp","href":"https:\/\/api.w.org\/{rel}","templated":true}]}}