{"id":114,"date":"2017-07-11T13:45:31","date_gmt":"2017-07-11T11:45:31","guid":{"rendered":"http:\/\/kmita.art.pl\/?page_id=114"},"modified":"2017-07-11T21:39:00","modified_gmt":"2017-07-11T19:39:00","slug":"pop-show","status":"publish","type":"page","link":"https:\/\/kmita.art.pl\/index.php\/spektakle\/pop-show\/","title":{"rendered":"Pop-show"},"content":{"rendered":"<div id=\"post-8\" class=\"post\">\n<h2>Pop-show<\/h2>\n<div class=\"entry\">\n<p><img decoding=\"async\" src=\"https:\/\/web.archive.org\/web\/20160407001933im_\/http:\/\/kmita.art.pl\/images\/popshow_1.jpg\" alt=\"Pop-show\" \/><\/p>\n<p><strong>Data premiery:<\/strong> 29 kwietnia 1995 roku<\/p>\n<p><strong>Sk\u0142ad aktorski:<\/strong> Bartosz Brzeskot, Grzegorz Kli\u015b, Arkadiusz Lipnicki, Piotr Plewa, Krzysztof Pluskota, Dariusz Starczewski<\/p>\n<p><strong>Scenariusz i re\u017cyseria:<\/strong> Rafa\u0142 Kmita<\/p>\n<p><strong>Muzyka: <\/strong>Janusz Wojtarowicz<\/p>\n<p><strong>\u015acie\u017cka d\u017awi\u0119kowa: <\/strong>Marcin Nowakowski, Marek Wagner, Rafa\u0142 Kmita<\/p>\n<p><strong>Czas trwania:<\/strong> 55 minut<\/p>\n<p><strong>Wa\u017cniejsze wydarzenia:<\/strong><\/p>\n<ul>\n<li>Grand Prix na XI Festiwalu PaKA\u201995 (trzecie z rz\u0119du zwyci\u0119stwo na PaCE, co jest w historii tego przegl\u0105du wydarzeniem bez precedensu)<\/li>\n<li>Nagroda Publiczno\u015bci na festiwalu PaKA\u201995<\/li>\n<li>I miejsce na XVI Biesiadach Satyry i Humoru w Lidzbarku Warmi\u0144skim w 1995 roku<\/li>\n<li>\u201ePop \u2013 Show\u201d staje si\u0119 kanw\u0105 kabaretonu na XXXII Festiwalu Polskiej Piosenki w Opolu, a \u201eQuasi \u2013 Kabaret Rafa\u0142a Kmity\u201d pe\u0142ni w tym\u017ce kabaretonie rol\u0119 gospodarza<\/li>\n<li>Realizacja telewizyjna dla II programu TVP (data emisji: 15 marca 1996 roku); skr\u00f3cona wersja tej realizacji zostaje wys\u0142ana do Szwajcarii, gdzie reprezentuje polsk\u0105 telewizj\u0119 na Mi\u0119dzynarodowym Festiwalu Telewizyjnym w Montreaux \u2013 w dziedzinie rozrywki.<\/li>\n<\/ul>\n<p><strong>Dotychczasowa ilo\u015b\u0107 przedstawie\u0144:<\/strong> 135<\/p>\n<blockquote><p>\u201eFamiliada\u201d, \u201eRandka w ciemno\u201d, transmisja z maltretowania nieletnich dziewczynek przez ojca alkoholika,\u201dTragedia na \u017cywo\u201d, telefoniczny quiz \u201eKto odwali kit\u0119\u201d i wiele innych, dobrze nam znanych z radia i telewizji program\u00f3w \u2013 s\u0142owem \u201ePop \u2013 Show\u201d, czyli sceniczny teledysk w wykonaniu \u201eQuasi \u2013 Kabaretu Rafa\u0142a Kmity\u201d zdoby\u0142 najwy\u017csze uznanie publiczno\u015bci oraz jury XI PaKI. By\u0142o to ju\u017c trzecie zwyci\u0119stwo tego zespo\u0142u w Krakowie.<\/p><\/blockquote>\n<p>Dziennik Polski, 5 V 1995<\/p>\n<blockquote><p>Z rozmachem i fantazj\u0105\u201dQuasi -Kabaret\u2026\u201d przygotowa\u0142 sw\u00f3j najnowszy \u2013 trzeci z kolei \u2013 program \u201ePop \u2013 Show\u201d. Tempo widowiska sprawia, \u017ce ma ono wszelkie cechy teledysku, fascynuj\u0105c jednak nie tylko obrazem i d\u017awi\u0119kiem.\u201dPop -Show\u201d to totalna kpina z masowej kultury. Zjadliwa satyra na post\u0119puj\u0105c\u0105 amerykanizacj\u0119 naszych massmedi\u00f3w. Parodia komercyjnych stacji telewizyjnych i radiowych (\u2026).<\/p><\/blockquote>\n<p>Przekr\u00f3j, 18 II 1995<\/p>\n<blockquote><p>\u201eQuasi \u2013 Kabaret Rafa\u0142a Kmity\u201d wywalczy\u0142 Grand Prix dopracowan\u0105 w najdrobniejszym szczeg\u00f3le satyr\u0105 na program komercyjnych stacji telewizyjnych. W rytm d\u017cingli rozg\u0142o\u015bni RMF FM zaproponowa\u0142 publiczno\u015bci zabaw\u0119 na \u017cywo pod has\u0142em: \u201eKto odwali kit\u0119?\u201d S\u0142uchacze telefonicznie typuj\u0105 rz\u0105d i miejsce, na kt\u00f3rym nast\u0105pi \u015bmiertelne zej\u015bcie. W formie przerywnika \u2013 scenka z \u017cycia polskiej kinematografii. Po \u201eklapsie\u201d\u201a na planie filmu \u201ePsy III\u201d pojawia si\u0119 dw\u00f3ch facet\u00f3w w czarnych okularach. \u201eCo k\u2026?\u201d \u2013 pada pytanie. \u201eNic k\u2026\u201d \u2013 s\u0142ycha\u0107 w odpowiedzi. Uj\u0119cie przerywa re\u017cyser, kt\u00f3ry w\u015bciek\u0142y wpada na plan: \u201eCo to k\u2026, jest, k\u2026 ? M\u00f3wi\u0142em wam, k\u2026 \u017ce ma by\u0107 wi\u0119cej k\u2026 .\u201d (\u2026).<\/p><\/blockquote>\n<p>Wprost, 14 V 1995<\/p>\n<div class=\"yourTubeVideo_holder\">\n<div class=\"yourTubeVideo\"><\/div>\n<\/div>\n<blockquote><p>(\u2026) Tymczasem od trzech lat w Krakowie nie ma mocnych na stajni\u0119 Rafa\u0142a Kmity. Kmita setnie ubawi\u0142 w tym roku publiczno\u015b\u0107 (t\u0142umy!) swoim nowym programem \u201ePop-Show\u201d, na kt\u00f3ry sk\u0142adaj\u0105 si\u0119 \u201esceniczne teledyski\u201d parodiuj\u0105ce dokonania Walendziakowej telewizji i komercyjnych stacji radiowych. \u201eKto raz zobaczy Pop \u2013 Show, b\u0119dzie mia\u0142 w dupie Szekspira\u201d \u2013 dosadnie, lecz celnie m\u00f3wi ze sceny Rafa\u0142 Kmita i bawi swoimi parodiami in.in. \u201eRandki w ciemno\u201d, czy RMF-owskiego konkursu \u201e\u201aZa du\u017co, za ma\u0142o\u201d(\u2026). Z czego \u015bmieje si\u0119 przysz\u0142o\u015b\u0107 narodu? Ta na scenie i ta na widowni, wype\u0142nionej zreszt\u0105 do ostatniego stoj\u0105cego miejsca? Ot\u00f3\u017c, nie z polityki i polityk\u00f3w. Widocznie ca\u0142y ten zgie\u0142k maj\u0105 po prostu w nosie. Kpi\u0105 z rzeczywisto\u015bci, to zrozumia\u0142e, ale g\u0142\u00f3wnie z takiej, jaka wy\u0142ania si\u0119 z gazet, radia i telewizji. Przede wszystkim za\u015b \u015bmiej\u0105 si\u0119 z masskultury, drwi\u0105 z idoli, wyszydzaj\u0105 media, ulubione chwyty i sposoby otumaniania skalowanego narodu. Pos\u0142uguj\u0105 si\u0119 dowcipem wprost, gr\u0105 s\u0142\u00f3w i skojarze\u0144, humorem abstrakcyjnym i makabrycznym, a takie metafor\u0105. Dla przyk\u0142adu: W programie \u201ePop \u2013 Show\u201d Kabaretu Rafa\u0142a Kmity, prezenter w srebrnej, okrutnie b\u0142yszcz\u0105cej marynareczce zapowiada teleturniej \u201eRandka w ciemno\u201d. Dla zwyci\u0119zcy wycieczka do Wenecji. Z dw\u00f3ch stron sceny wychodz\u0105 czarno ubrani ch\u0142opcy z bia\u0142ymi laskami. Macaj\u0105 wok\u00f3\u0142 siebie, ale oczywi\u015bcie spotka\u0107 si\u0119 nie mog\u0105. \u201eOni nie zobacz\u0105 Wenecji \u201d \u2013 pada komentarz (\u2026).<\/p><\/blockquote>\n<p>Wiadomo\u015bci Kulturalne, 21 V 1995<\/p>\n<blockquote><p>(\u2026) \u201ePop \u2013 Show\u201d (Grand Prix PaKl\u201995) to feeryczna, z\u0142o\u015bliwa satyra na mentalno\u015b\u0107 przeci\u0119tnego zjadacza telewizyjnego chleba. Widowisko pe\u0142ne efekt\u00f3w specjalnych \u2013 d\u017awi\u0119kowych i \u015bwietlnych \u2013 sugestywnie zagrane przez aktor\u00f3w, przyt\u0142acza, imponuje, ale i nieco m\u0119czy. W ko\u0144cu jednak c\u00f3\u017c jak nie zm\u0119czenie wywo\u0142ane natr\u0119tnym nat\u0142okiem widok\u00f3w, wdzieraj\u0105cych si\u0119 do m\u00f3zgu dzi\u0119ki wszechobecnym \u015brodkom masowego przekazu, stanowi ducha naszych czas\u00f3w?<\/p><\/blockquote>\n<p>Czas Kultury, Nr 3\/1996<\/p>\n<blockquote><p>Wielkim zaskoczeniem by\u0142 dla mnie opolski wiecz\u00f3r kabaretowy. S\u0105dzi\u0142em, ze b\u0119d\u0119 \u015bwiadkiem Kabaretonu, w kt\u00f3rym wy\u015bmiewa si\u0119 w\u0105sy obecnego prezydenta i ciemne okulary poprzedniego, a niew\u0105tpliw\u0105 gwiazd\u0105 b\u0119dzie nie kto inny, tylko sam pan Janek ze swoj\u0105 brygad\u0105.<\/p>\n<p>A tu co \u2013 \u201eQuasi \u2013 Kabaret Rafa\u0142a Kmify\u201d \u2013 kto go zna? No, powiedzmy, ja mia\u0142em szcz\u0119\u015bcie widzie\u0107 go ju\u017c wcze\u015bniej, ale ilu by\u0142o takich szcz\u0119\u015bliwc\u00f3w?<\/p>\n<p>Chwa\u0142a organizatorom, \u017ce zaryzykowali i zerwali z dotychczasow\u0105, si\u0119gaj\u0105c\u0105 chyba ery paleozoicznej tradycj\u0105 zapraszania \u201edinozaur\u00f3w\u201d z ich wyrafinowanym dowcipem.<\/p>\n<p>\u201eQuasi \u2013 Kabaret Rafa\u0142a Kmity\u201d wykpi\u0142 wszystkie nasze stare i dopiero co nabyte (te made in USA i Germany) wady, a tak\u017ce, o ironio, za pomoc\u0105 telewizji \u2013 sam\u0105 telewizj\u0119 oraz inne \u015brodki masowego \u201era\u017cenia\u201d.<\/p><\/blockquote>\n<p>Gazeta Telewizyjna, 21 VII 1995<\/p>\n<div class=\"yourTubeVideo_holder\">\n<div class=\"yourTubeVideo\"><\/div>\n<\/div>\n<blockquote><p>Danie trzecie \u2013 kabaretowy \u201ePop \u2013 Show\u201d \u2013 ale pycha! (\u2026) Obejrzeli\u015bmy kapitalne widowisko z perfekcyjnie, leciute\u0144ko zagranymi gagami, jakiego w Opolu jeszcze nie by\u0142o. \u201eMarzy\u0142a mi si\u0119 rewolucja w kabarecie\u201d \u2013 powiedzia\u0142 po wyst\u0119pie jeden z wykonawc\u00f3w. l mia\u0142 racj\u0119. Kabaretowy \u201ePop Show\u201d zdystansowa\u0142 i zrewolucjonizowa\u0142 tradycyjny i zgrany do granic mo\u017cliwo\u015bci polski kabaret. Takiego czadu kabaretowego na polskiej scenie jeszcze nie widziano. Nowe twarze, nowe wspaniale talenty i nowy rodzaj humoru. By\u0142o to najpyszniejsze danie, jakie zaserwowano na tegorocznym festiwalu w Opolu.<\/p><\/blockquote>\n<p>Angora, 9 VII 1995<\/p>\n<blockquote><p>(\u2026) Postawienie w tym roku na m\u0142odych wykonawc\u00f3w by\u0142o wi\u0119c jak samob\u00f3jcza pr\u00f3ba, kasandryczna zapowiedz kl\u0119ski. Ku og\u00f3lnemu zaskoczeniu do tragedii nie dosz\u0142o, a pesymistyczne prognozy pozwalaj\u0105 nawet stwierdzi\u0107, ze kabaretowy \u201ePop Show\u201d to po czwartkowym koncercie debiut\u00f3w kolejne wa\u017cne wydarzenie opolskiego festiwalu.<\/p>\n<p>Autorem sukcesu jest Rafa\u0142 Kmita, tek\u015bciarz i scenarzysta, kt\u00f3ry w napisanym dla \u201eQuasi \u2013 Kabaretu\u201d programie daje zabawn\u0105, cho\u0107 z\u0142owrog\u0105 diagnoz\u0119 wsp\u00f3\u0142czesnej telewizyjnej kultury (\u2026). W multimedialnej formule \u2013 prezentuj\u0105c pefen repertuar w\u0142a\u015bciwych sobie tylko \u015brodk\u00f3w wyrazu, d\u017cingli, szybkiego tempa narracji, zbli\u017ce\u0144, najazd\u00f3w kamer i playbackii \u2013 ukaza\u0142 intelektualn\u0105 mia\u0142ko\u015b\u0107 teleturniej\u00f3w i sensacyjnych program\u00f3w. \u015amiano si\u0119 z \u201eFamiliady\u201d, Bogus\u0142awa Wo\u0142osza\u0144skiego, bicz satyry nie oszcz\u0119dzi\u0142 tak\u017ce kinowego hitu, czyli \u201ePs\u00f3w\u201d W\u0142adys\u0142awa Pasikowskiego.<\/p><\/blockquote>\n<p>Rzeczpospolita, 24 VI 1995<\/p>\n<\/div>\n<\/div>\n","protected":false},"excerpt":{"rendered":"<p>Pop-show Data premiery: 29 kwietnia 1995 roku Sk\u0142ad aktorski: Bartosz Brzeskot, Grzegorz Kli\u015b, Arkadiusz Lipnicki, Piotr Plewa, Krzysztof Pluskota, Dariusz Starczewski Scenariusz i re\u017cyseria: Rafa\u0142 Kmita Muzyka: Janusz Wojtarowicz \u015acie\u017cka d\u017awi\u0119kowa: Marcin Nowakowski, Marek Wagner, Rafa\u0142 Kmita Czas trwania: 55 minut Wa\u017cniejsze wydarzenia: Grand Prix na XI Festiwalu PaKA\u201995 (trzecie z rz\u0119du zwyci\u0119stwo na PaCE, [&hellip;]<\/p>\n","protected":false},"author":2,"featured_media":0,"parent":13,"menu_order":6,"comment_status":"closed","ping_status":"closed","template":"","meta":{"footnotes":""},"class_list":["post-114","page","type-page","status-publish","hentry"],"_links":{"self":[{"href":"https:\/\/kmita.art.pl\/index.php\/wp-json\/wp\/v2\/pages\/114"}],"collection":[{"href":"https:\/\/kmita.art.pl\/index.php\/wp-json\/wp\/v2\/pages"}],"about":[{"href":"https:\/\/kmita.art.pl\/index.php\/wp-json\/wp\/v2\/types\/page"}],"author":[{"embeddable":true,"href":"https:\/\/kmita.art.pl\/index.php\/wp-json\/wp\/v2\/users\/2"}],"replies":[{"embeddable":true,"href":"https:\/\/kmita.art.pl\/index.php\/wp-json\/wp\/v2\/comments?post=114"}],"version-history":[{"count":3,"href":"https:\/\/kmita.art.pl\/index.php\/wp-json\/wp\/v2\/pages\/114\/revisions"}],"predecessor-version":[{"id":231,"href":"https:\/\/kmita.art.pl\/index.php\/wp-json\/wp\/v2\/pages\/114\/revisions\/231"}],"up":[{"embeddable":true,"href":"https:\/\/kmita.art.pl\/index.php\/wp-json\/wp\/v2\/pages\/13"}],"wp:attachment":[{"href":"https:\/\/kmita.art.pl\/index.php\/wp-json\/wp\/v2\/media?parent=114"}],"curies":[{"name":"wp","href":"https:\/\/api.w.org\/{rel}","templated":true}]}}