{"id":100,"date":"2017-07-11T12:54:15","date_gmt":"2017-07-11T10:54:15","guid":{"rendered":"http:\/\/kmita.art.pl\/?page_id=100"},"modified":"2017-08-01T22:17:53","modified_gmt":"2017-08-01T20:17:53","slug":"cytaty-ze-spektakli","status":"publish","type":"page","link":"https:\/\/kmita.art.pl\/index.php\/multimedia\/cytaty-ze-spektakli\/","title":{"rendered":"CYTATY ZE SPEKTAKLI"},"content":{"rendered":"<div class=\"entry\">\n<p class=\"cytat\"><em>Gdyby w S\u00e8vres pod Pary\u017cem chciano umie\u015bci\u0107 wzorzec \u201e\u017cycia do dupy\u201d, moje nadawa\u0142oby si\u0119 doskonale.<\/em><\/p>\n<p class=\"podpis_cyt\">(\u201eG\u0142usi jak pie\u0144\u201d rok 1993)<\/p>\n<p class=\"cytat\"><em>Nadesz\u0142y ci\u0119\u017ckie czasy dla idiot\u00f3w. Ledwie cz\u0142owiek ujawni, \u017ce cho\u0107 troch\u0119 jest kretynem, a zaraz robi\u0105 z niego pos\u0142a, ministra lub wicepremiera.<\/em><\/p>\n<p class=\"podpis_cyt\">(\u201eG\u0142usi jak pie\u0144\u201d rok 1993)<\/p>\n<p class=\"podpis_cyt\">\n<p class=\"cytat\"><em>Ludzko\u015b\u0107 nie potrafi odpowiedzie\u0107 na \u017cadne z podstawowych pyta\u0144: Kim jeste\u015bmy? Jaka jest struktura bytu? Co stanowi istot\u0119 naszej egzystencji? Jak leczy\u0107 kaca???<\/em><\/p>\n<p class=\"podpis_cyt\">(\u201eTrzy zdania o umieraniu\u201d rok 1994)<\/p>\n<p class=\"podpis_cyt\">\n<p class=\"cytat\"><em>B\u00f3g nie istnieje! Gdyby B\u00f3g istnia\u0142, ju\u017c dawno znale\u017aliby go paparazzi.<\/em><\/p>\n<p class=\"podpis_cyt\">(\u201eCa-sting\u201d rok 2002)<\/p>\n<p class=\"cytat\"><em>Byli\u015bmy sobie tacy bliscy! Potrafi\u0142abym z zamkni\u0119tymi oczami po\u015br\u00f3d stu koszul obcych m\u0119\u017cczyzn, odnale\u017a\u0107 par\u0119 jego skarpet!<\/em><\/p>\n<p class=\"podpis_cyt\">(\u201eWszyscy\u015bmy z jednego szynela\u201d rok 1997)<\/p>\n<p class=\"podpis_cyt\">\n<p class=\"cytat\"><em>Wuj Stiepan nigdy si\u0119 nie u\u015bmiecha\u0142. No, chyba, \u017ce akurat z\u0142ama\u0142 komu\u015b r\u0119k\u0119.<\/em><\/p>\n<p class=\"podpis_cyt\">(\u201ePie\u015bni z szynela\u201d rok 1998)<\/p>\n<p class=\"cytat\"><em>Tak cz\u0119sto pr\u00f3bowa\u0142em si\u0119 wiesza\u0107, i\u017c w ko\u0144cu uwierzy\u0142em, \u017ce to m\u00f3j zaw\u00f3d.<\/em><\/p>\n<p class=\"podpis_cyt\">(\u201eG\u0142usi jak pie\u0144\u201d rok 1993)<\/p>\n<p class=\"cytat\"><em>Urodzi\u0142em si\u0119 jako wcze\u015bniak. Matka by\u0142a do tego stopnia zaskoczona, \u017ce sp\u00f3\u017ani\u0142a si\u0119 na por\u00f3d.<\/em><\/p>\n<p class=\"podpis_cyt\">(\u201eG\u0142usi jak pie\u0144\u201d rok 1993)<\/p>\n<p class=\"cytat\">Z<em> naukowego punktu widzenia organizm ludzki w 70% z\u0142o\u017cony jest z wody. A zatem Raskolnikow zar\u0105ba\u0142 sobie po prostu kilkadziesi\u0105t litr\u00f3w wody. Taki hydroeksperyment.<\/em><\/p>\n<p class=\"podpis_cyt\">(\u201eWszyscy\u015bmy z jednego szynela\u201d rok 1997)<\/p>\n<p class=\"cytat\"><em>Fiok\u0142a Iwanowna \u2013 kobieta tak zapobiegliwa, \u017ce ju\u017c za \u017cycia wyprawi\u0142a w\u0142asny pogrzeb, stwierdziwszy, \u017ce po \u015bmierci nie b\u0119dzie mia\u0142a do tego g\u0142owy.<\/em><\/p>\n<p class=\"podpis_cyt\">(\u201ePie\u015bni z szynela\u201d rok 1998)<\/p>\n<p class=\"cytat\"><em>Ma\u0142\u017ce\u0144stwo mnie nie kr\u0119ci. To nie moje klimaty. Zreszt\u0105 mam uraz do sakrament\u00f3w. Od czasu chrztu, kiedy to moja matka chrzestna nagle chwyci\u0142a mnie za becik i z okrzykiem: \u201eP\u0142y\u0144 po morzach i oceanach!\u201d \u2013 rozbi\u0142a mi butelk\u0119 szampana na g\u0142owie.<\/em><\/p>\n<p class=\"podpis_cyt\">(\u201eCa-sting\u201d rok 2002)<\/p>\n<p class=\"podpis_cyt\">\n<p class=\"cytat\"><em>By\u0142 raczej samotnym cz\u0142owiekiem. Znalaz\u0142 jednak spos\u00f3b na sw\u0105 samotno\u015b\u0107. Ot\u00f3\u017c wieczorami udawa\u0142 si\u0119 do pobliskiej knajpy, zajmowa\u0142 stolik na osiem os\u00f3b, a nast\u0119pnie tak pr\u0119dko przesiada\u0142 si\u0119 z miejsca na miejsce, i\u017c w ko\u0144cu by\u0142 przekonany, \u017ce to kolacja w gronie przyjaci\u00f3\u0142.<\/em><\/p>\n<p class=\"podpis_cyt\">(\u201eTrzy zdania o umieraniu\u201d rok 1994)<\/p>\n<p class=\"cytat\"><em>Kartki z wakacji:<\/em><br \/>\n<em>4 czerwca \u2013 Bezludna wyspa \u2013 tylko pewien rybak i ja.<br \/>\n10 czerwca \u2013 Ko\u0144czy nam si\u0119 \u017cywno\u015b\u0107. Jemy li\u015bcie palm.<br \/>\n14 czerwca \u2013 Ko\u0144cz\u0105 nam si\u0119 li\u015bcie. Jemy palmy.<br \/>\n20 czerwca \u2013 Ko\u0144cz\u0105 nam si\u0119 palmy. Jem, co zosta\u0142o.<br \/>\n2 lipca \u2013 Ko\u0144czy mi si\u0119 rybak. Jem w\u0142asn\u0105 nog\u0119.<br \/>\n12 lipca \u2013 Nie mam ju\u017c nogi. Drugiej te\u017c nie mam. Prawd\u0119 powiedziawszy, niewiele mam\u2026<\/em><\/p>\n<p class=\"cytat\"><em>Zastanawiam si\u0119, czy nie wraca\u0107 do domu.<\/em><\/p>\n<p class=\"podpis_cyt\">(\u201eTrzy zdania o umieraniu\u201d rok 1994)<\/p>\n<p class=\"cytat\"><em>Rodzice?! Gdy mia\u0142em dwana\u015bcie lat, ojciec w pijackim szale rozbi\u0142 pogrzebacz na g\u0142owie mojej matki. To by\u0142 m\u00f3j ulubiony pogrzebacz!!!<\/em><\/p>\n<p class=\"podpis_cyt\">(\u201eTrzy zdania o umieraniu\u201d rok 1994)<\/p>\n<p class=\"cytat\"><em>Rzecz dzieje si\u0119 w \u0142azience:<\/em><br \/>\n<em>\u2013 Ci\u0105gle tylko twarze i twarze \u2013 ziewa lustro.<br \/>\n\u2013 Ci\u0105gle tylko w\u0142osy i w\u0142osy \u2013 ziewa grzebie\u0144.<br \/>\n\u2013 Ci\u0105gle tylko r\u0119ce i r\u0119ce \u2013 ziewa umywalka.<br \/>\nA na to sedes:<br \/>\n\u2013 Nie ma co, nudaaaaaaa\u2026<\/em><\/p>\n<p class=\"podpis_cyt\">(\u201ePop-show\u201d rok 1995)<\/p>\n<p class=\"cytat\"><em>Kupiec Anton Antonycz powiesi\u0142 si\u0119, by \u2013 jak sam powiedzia\u0142 \u2013 wreszcie zacz\u0119\u0142o si\u0119 co\u015b dzia\u0107.<\/em><\/p>\n<p class=\"podpis_cyt\">(\u201ePie\u015bni z szynela\u201d rok 1998)<\/p>\n<p class=\"cytat\"><em>Urodzi\u0142em si\u0119 w czepku. Ale nie by\u0142em szcz\u0119\u015bliwy.<br \/>\nW czepku by\u0142o nas siedmioro.<\/em><\/p>\n<p class=\"podpis_cyt\">(\u201eWszyscy\u015bmy z jednego szynela\u201d rok 1997)<\/p>\n<p class=\"cytat\"><em>Od ca\u0142ych wiek\u00f3w \u017bydzi po \u015bwiecie z nakryt\u0105 g\u0142ow\u0105 chodz\u0105 i r\u00f3\u017cne rzeczy do nakrywania tej g\u0142owy im s\u0142u\u017c\u0105\u2026 O, prosz\u0119 \u2013 lisiura cadyka Elchana. O, nie \u2013 nie jest to zwyk\u0142a lisiura! Bo te\u017c i reb Elchan to nie by\u0142 zwyk\u0142y cadyk, ale cadyk\u2026 niezwyk\u0142y! Cadyk cudotw\u00f3rca! Jego specjalno\u015bci\u0105 by\u0142o uzdrawianie \u015bmiertelnie chorych. Przez d\u0142ugie lata pod dom cadyka przybywa\u0142y niezliczone t\u0142umy potrzebuj\u0105cych. On ich uzdrawia\u0142, a oni wprawdzie umierali, ale w o wiele, o wiele lepszym zdrowiu\u2026<\/em><\/p>\n<p class=\"podpis_cyt\">(\u201eAj waj! czyli historie z cynamonem\u201d rok 2005)<\/p>\n<p class=\"cytat\"><em>Jankielowy kapelusz. Aj, jaj \u2013 kapelusz jak si\u0119 patrzy!<br \/>\nA sam Jankiel \u2013 to kupiec by\u0142. Sklep z butami prowadzi\u0142,<br \/>\na w tym sklepie zatrudnia\u0142 subiekta. No i pewnego razu kupiec Jankiel wchodzi do sklepu, rozgl\u0105da si\u0119, a subiekta nie ma. \u201eJak to? \u2013 my\u015bli sobie. \u2013 Sklep otwarty, towar na p\u00f3\u0142kach,<br \/>\na gdzie subiekt?\u201d Co\u015b go tkn\u0119\u0142o! Pobieg\u0142 do domu \u2013 otwiera zamek, wskakuje na schody, staje w drzwiach sypialni i co widzi?! Subiekt le\u017cy w jego w\u0142asnym \u0142\u00f3\u017cku, z jego w\u0142asn\u0105 \u017con\u0105 i \u2026 szkoda gada\u0107! \u201eAha! \u2013 zawo\u0142a\u0142 Jankiel \u2013 To tam sklep otwarty, towar na p\u00f3\u0142kach, a pan tu w moim w\u0142asnym \u0142\u00f3\u017cku, z moj\u0105 w\u0142asn\u0105 \u017con\u0105!?\u2026 Nie! Nie daruj\u0119!!!\u201d<\/em><\/p>\n<p class=\"cytat\"><em>I rzeczywi\u015bcie \u2013 poniewa\u017c w takich sprawach kupiec Jankiel nie zna\u0142 lito\u015bci, wi\u0119c mimo rozpaczliwych b\u0142aga\u0144 \u017cony \u2013 potr\u0105ci\u0142 subiektowi z pensji!!!<\/em><\/p>\n<p class=\"podpis_cyt\">(\u201eAj waj! czyli historie z cynamonem\u201d rok 2005)<\/p>\n<p class=\"cytat\"><em>Jako lojalny mieszkaniec naszej kamienicy donosz\u0119, \u017ce niejaki Judel Zylbersztajn zajmuj\u0105cy lokal nr. 7 zachowuje si\u0119 po prostu skandalicznie. Po pierwsze odbywa on w swoim mieszkaniu seksualne orgie! I to w pojedynk\u0119!!! Po drugie \u2013 robi jeszcze wiele innych rzeczy, ale niestety nic o nich nie wiem \u2013 poniewa\u017c bezczelnie zatka\u0142 dziurk\u0119 od klucza! Jednak musz\u0105 to by\u0107 czyny straszliwe, gdy\u017c w przeciwnym razie nie pisa\u0142bym przecie\u017c tego doniesienia\u2026<\/em><\/p>\n<p class=\"podpis_cyt\">(\u201eAj waj! czyli historie z cynamonem\u201d rok 2005)<\/p>\n<p class=\"cytat\"><em>Kochany pami\u0119tniku! Wczoraj odwiedzi\u0142 nas wuj Elkan razem z cioci\u0105 Fejge\u0142e. By\u0142o bardzo weso\u0142o. Ca\u0142e popo\u0142udnie sp\u0119dzili\u015bmy przy stole. \u015apiewali\u015bmy, opowiadali\u015bmy sobie r\u00f3\u017cne historyjki oraz jedli\u015bmy ros\u00f3\u0142 z kury. Wszyscy bawili si\u0119 doskonale\u2026 no, mo\u017ce opr\u00f3cz kury.<\/em><\/p>\n<p class=\"podpis_cyt\">(\u201eAj waj! czyli historie z cynamonem\u201d rok 2005)<\/p>\n<p class=\"cytat\"><em>To nie ja na ciebie krzycz\u0119, Ajzyk, to krzyczy na ciebie trzy i p\u00f3\u0142 tysi\u0105ca lat judaizmu!!! \u2026 Tw\u00f3j dziadek \u2013 Chajkel zawsze powtarza\u0142: \u201e\u017byd to tradycja!\u201d, a ty chcesz t\u0119 nasz\u0105 tradycj\u0119 podepta\u0107?! Przecie\u017c gdyby dziadek \u017cy\u0142, toby\u2026 toby si\u0119 w grobie przewr\u00f3ci\u0142.<\/em><\/p>\n<p class=\"podpis_cyt\">(\u201eAj waj! czyli historie z cynamonem\u201d rok 2005)<\/p>\n<p class=\"cytat\"><em>Rebe, ty si\u0119 mnie pytasz, co ja s\u0105dz\u0119 na temat naszego ma\u0142\u017ce\u0144stwa? Wi\u0119c ja ci powiem, co ja s\u0105dz\u0119. Ja s\u0105dz\u0119, \u017ce w por\u00f3wnaniu do naszego ma\u0142\u017ce\u0144stwa, niewola babilo\u0144ska \u2013 to by\u0142y wczasy w sanatorium.<\/em><\/p>\n<p class=\"podpis_cyt\">(\u201eAj waj! czyli historie z cynamonem\u201d rok 2005)<\/p>\n<p class=\"cytat\"><em>W ma\u0142\u017ce\u0144stwie najwa\u017cniejsza jest harmonia. Na przyk\u0142ad ja i moja \u017cona \u2013 \u015bwietnie si\u0119 uzupe\u0142niamy. Ja jestem wykszta\u0142cony, oczytany i rozs\u0105dny, a \u017cona\u2026 a \u017cona to docenia.<\/em><\/p>\n<p class=\"podpis_cyt\">(\u201eDO\u015a\u0106!\u2026 dobry wyr\u00f3b kabaretopodobny\u201d rok 2009)<\/p>\n<p class=\"cytat\"><em>G\u0142owa do g\u00f3ry! U\u015bmiechnijcie si\u0119! Wszystko si\u0119 kiedy\u015b u\u0142o\u017cy!\u2026 Dwa metry pod ziemi\u0105\u2026<\/em><\/p>\n<p class=\"podpis_cyt\">(\u201eDO\u015a\u0106!\u2026 dobry wyr\u00f3b kabaretopodobny\u201d rok 2009)<\/p>\n<p class=\"podpis_cyt\">\n<p class=\"cytat\"><em>Ech, te kobiety! Cz\u0142owiek si\u0119 zakochuje i jest \u015bwi\u0119cie przekonany, \u017ce w\u0142a\u015bnie z\u0142apa\u0142 pana Boga za nogi, a tu wcze\u015bniej czy p\u00f3\u017aniej okazuje si\u0119, \u017ce te nogi ko\u0144cz\u0105 si\u0119 kopytami\u2026<\/em><\/p>\n<p class=\"podpis_cyt\">(\u201eDO\u015a\u0106!\u2026 dobry wyr\u00f3b kabaretopodobny\u201d rok 2009)<\/p>\n<p class=\"cytat\"><em>Pall male, Camele, Marlboro, Elemy, Carmeny \u2013 wszystkie je mia\u0142em!<\/em><\/p>\n<p class=\"podpis_cyt\">(\u201eDO\u015a\u0106!\u2026 dobry wyr\u00f3b kabaretopodobny\u201d rok 2009)<\/p>\n<p class=\"cytat\"><em>A teraz \u2013 uwaga panowie! \u2013 nasz k\u0105cik z\u0142amanych serc i moje porady:<\/em><\/p>\n<p class=\"cytat\"><em>Je\u015bli w\u0142a\u015bnie rzuci\u0142a ci\u0119 kobieta po 5 latach zwi\u0105zku, w dodatku za pomoc\u0105 SMS-a o tre\u015bci: \u201eSpadaj, frajerze!\u201d \u2013 pod \u017cadnym pozorem nie rozpami\u0119tuj wsp\u00f3lnych wakacji, nie przegl\u0105daj starych zdj\u0119\u0107, nie s\u0142uchaj waszej muzyki, nie chod\u017a w miejsca, kt\u00f3re lubili\u015bcie, bro\u0144 Bo\u017ce nie zak\u0142adaj jej string\u00f3w!\u2026 Je\u015bli wydaje ci si\u0119, \u017ce nie mo\u017cesz bez niej \u017cy\u0107, pomy\u015bl tylko, ilu facet\u00f3w na \u015bwiecie bez niej \u017cyje i daj\u0105 sobie jako\u015b rad\u0119\u2026<\/em><\/p>\n<p class=\"podpis_cyt\">(\u201eDO\u015a\u0106!\u2026 dobry wyr\u00f3b kabaretopodobny\u201d rok 2009)<\/p>\n<p class=\"cytat\"><em>M\u00f3wi\u0119 ci, szwagier, po\u0142owa aktor\u00f3w to peda\u0142y\u2026 a druga po\u0142owa to ich partnerzy.<\/em><\/p>\n<p class=\"podpis_cyt\">(\u201eDO\u015a\u0106!\u2026 dobry wyr\u00f3b kabaretopodobny\u201d rok 2009)<\/p>\n<p class=\"cytat\"><em>Trwa strajk policjant\u00f3w. Policjanci zagrozili, \u017ce nie b\u0119d\u0105 pilnowa\u0107 porz\u0105dku na ulicach dop\u00f3ty, dop\u00f3ki nie b\u0119dzie tam bezpiecznie.<\/em><\/p>\n<p class=\"podpis_cyt\">(\u201eDO\u015a\u0106!\u2026 dobry wyr\u00f3b kabaretopodobny\u201d rok 2009)<\/p>\n<p class=\"cytat\"><em>I nic nie zosta\u0142o! Huty, banki, fabryki \u2013 wszystko rozkradli! Niemieckie, \u017cydowskie i ameryka\u0144skie z\u0142odzieje! A co to \u2013 ja si\u0119 pytam \u2013 to ju\u017c nie mamy swoich, polskich z\u0142odziei?!<\/em><\/p>\n<p class=\"podpis_cyt\">(\u201eDO\u015a\u0106!\u2026 dobry wyr\u00f3b kabaretopodobny\u201d rok 2009)<\/p>\n<p><em>\u00a0 \u00a0 \u00a0 A tak w og\u00f3le to mnie wkurza, \u017ce Polacy musz\u0105 je\u017adzi\u0107 do Rajchu, Niemcowi og\u00f3rki zbiera\u0107. Ja to bym chcia\u0142, \u017ceby sprawiedliwie by\u0142o, po ludzku \u2013 \u017ceby to Niemiec przy polskich og\u00f3rkach zapieprza\u0142!<\/em><\/p>\n<p>(\u201eJeszcze nie pora nam spa\u0107\u201d rok 2012)<\/p>\n<p>&nbsp;<\/p>\n<p><em>\u00a0 \u00a0 \u00a0Stefan \u2013 m\u00f3j najlepszy kumpel! Zawsze mo\u017cemy na siebie liczy\u0107! Czasem on mi samoch\u00f3d naprawi, to znowu ja od niego pieni\u0105dze po\u017cycz\u0119 \u2013 i tak pomagamy sobie nawzajem\u2026<\/em><\/p>\n<p>(\u201eJeszcze nie pora nam spa\u0107\u201d rok 2012)<\/p>\n<p>&nbsp;<\/p>\n<p><em>\u00a0\u00a0Prowadz\u0119 w\u0142asny biznes. Handlujemy opa\u0142em. W\u0119giel, drewno, brykiet \u2013 wszystkie rodzaje opa\u0142u. Firma nazywa si\u0119 \u201eGiordano Bruno\u201d.<\/em><\/p>\n<p>(\u201eJeszcze nie pora nam spa\u0107\u201d rok 2012)<\/p>\n<p>&nbsp;<\/p>\n<p><em>\u00a0 \u00a0 \u00a0Oj, tak, prosz\u0119 pa\u0144stwa, samotno\u015b\u0107 jest koszmarem. Nie ma nic gorszego od samotno\u015bci\u2026 No, mo\u017ce jedynie obecno\u015b\u0107 drugiej osoby\u2026<\/em><\/p>\n<p>(\u201eJeszcze nie pora nam spa\u0107\u201d rok 2012)<\/p>\n<p>&nbsp;<\/p>\n<p><em>\u00a0 \u00a0 \u00a0<\/em><em>\u00a0 \u00a0 Ja jestem profesjonalista \u2013 wszystko re\u017cyseruj\u0119. Reklamy, seriale\u2026 O, niedawno kr\u0119ci\u0142em taki filmik: \u201eWielka bitwa\u201d. Gatunek historyczno-erotyczny. Zatrudni\u0142em dwie m\u0142ode aktorki \u2013 rodzone siostry. I te siostry gra\u0142y u mnie dwa nagie miecze pod Grunwaldem. Grunwald zagra\u0142em osobi\u015bcie.<\/em><\/p>\n<p>(\u201eJeszcze nie pora nam spa\u0107\u201d rok 2012)<\/p>\n<p>&nbsp;<\/p>\n<p><em>\u00a0 \u00a0 \u00a0 Bo ja \u2013 wbrew pozorom \u2013 wra\u017cliwy jestem. Przyznam si\u0119, panu, szczerze, \u017ce ju\u017c nie mog\u0119 ogl\u0105da\u0107 w telewizji tych obrazk\u00f3w z Afryki. Te g\u0142oduj\u0105ce dzieci, ta n\u0119dza\u2026 Trzeba wreszcie co\u015b z tym zrobi\u0107!\u2026 O, na przyk\u0142ad powinny by\u0107 takie dekodery, \u017ceby oni wszyscy wygl\u0105dali w telewizorach na najedzonych i u\u015bmiechni\u0119tych!\u00a0<\/em><\/p>\n<p><em>\u00a0<\/em><em>\u00a0 \u00a0<\/em>(\u201eJeszcze nie pora nam spa\u0107\u201d rok 2012)<\/p>\n<p>&nbsp;<\/p>\n<p><em>\u00a0 \u00a0 \u00a0Ja te\u017c jestem przeciwnikiem aborcji i tej, no\u2026 eutanazji. Ale natomiast jestem wielkim zwolennikiem zab\u00f3jstwa na zlecenie.<\/em><\/p>\n<p>(\u201eJeszcze nie pora nam spa\u0107\u201d rok 2012)<\/p>\n<p>&nbsp;<\/p>\n<p><em>\u00a0 \u00a0 \u017bycie to nie s\u0105 imieniny u cioci, gdzie orzechowy torcik popijamy \u015bliwkowym kompotem. \u017bycie to impreza u Waldka, gdzie\u00a0 \u017cr\u0105c\u0105 w\u00f3d\u0119 zagryzamy kwaszonym og\u00f3rkiem!<\/em><\/p>\n<p><em>\u00a0\u00a0 <\/em>(\u201eJeszcze nie pora nam spa\u0107\u201d rok 2012)<\/p>\n<p>&nbsp;<\/p>\n<p><em>\u00a0 Je\u015bli chodzi o \u015bmier\u0107, to ja mam raczej skromne oczekiwania. Nie wierz\u0119 w jak\u0105\u015b tam pi\u0119ciogwiazdkow\u0105 wieczno\u015b\u0107 all inclusive. Zadowoli mnie zwyk\u0142a p\u00f3\u0142wieczno\u015b\u0107, z dwoma posi\u0142kami\u00a0 i przyzwoit\u0105 ofert\u0105 kulturaln\u0105\u2026 cho\u0107by nawet i bez striptizu\u2026<\/em><\/p>\n<p>(\u201eJeszcze nie pora nam spa\u0107\u201d rok 2012)<\/p>\n<\/div>\n","protected":false},"excerpt":{"rendered":"<p>Gdyby w S\u00e8vres pod Pary\u017cem chciano umie\u015bci\u0107 wzorzec \u201e\u017cycia do dupy\u201d, moje nadawa\u0142oby si\u0119 doskonale. (\u201eG\u0142usi jak pie\u0144\u201d rok 1993) Nadesz\u0142y ci\u0119\u017ckie czasy dla idiot\u00f3w. Ledwie cz\u0142owiek ujawni, \u017ce cho\u0107 troch\u0119 jest kretynem, a zaraz robi\u0105 z niego pos\u0142a, ministra lub wicepremiera. (\u201eG\u0142usi jak pie\u0144\u201d rok 1993) Ludzko\u015b\u0107 nie potrafi odpowiedzie\u0107 na \u017cadne z podstawowych [&hellip;]<\/p>\n","protected":false},"author":2,"featured_media":0,"parent":15,"menu_order":2,"comment_status":"closed","ping_status":"closed","template":"","meta":{"footnotes":""},"class_list":["post-100","page","type-page","status-publish","hentry"],"_links":{"self":[{"href":"https:\/\/kmita.art.pl\/index.php\/wp-json\/wp\/v2\/pages\/100"}],"collection":[{"href":"https:\/\/kmita.art.pl\/index.php\/wp-json\/wp\/v2\/pages"}],"about":[{"href":"https:\/\/kmita.art.pl\/index.php\/wp-json\/wp\/v2\/types\/page"}],"author":[{"embeddable":true,"href":"https:\/\/kmita.art.pl\/index.php\/wp-json\/wp\/v2\/users\/2"}],"replies":[{"embeddable":true,"href":"https:\/\/kmita.art.pl\/index.php\/wp-json\/wp\/v2\/comments?post=100"}],"version-history":[{"count":4,"href":"https:\/\/kmita.art.pl\/index.php\/wp-json\/wp\/v2\/pages\/100\/revisions"}],"predecessor-version":[{"id":183,"href":"https:\/\/kmita.art.pl\/index.php\/wp-json\/wp\/v2\/pages\/100\/revisions\/183"}],"up":[{"embeddable":true,"href":"https:\/\/kmita.art.pl\/index.php\/wp-json\/wp\/v2\/pages\/15"}],"wp:attachment":[{"href":"https:\/\/kmita.art.pl\/index.php\/wp-json\/wp\/v2\/media?parent=100"}],"curies":[{"name":"wp","href":"https:\/\/api.w.org\/{rel}","templated":true}]}}