{"id":687,"date":"2021-11-03T06:01:47","date_gmt":"2021-11-03T05:01:47","guid":{"rendered":"http:\/\/kmita.art.pl\/?page_id=687"},"modified":"2021-11-15T23:29:47","modified_gmt":"2021-11-15T22:29:47","slug":"stand-up-piotrka","status":"publish","type":"page","link":"http:\/\/kmita.art.pl\/index.php\/stand-up-piotrka\/","title":{"rendered":"Stand-up Piotrka"},"content":{"rendered":"\t\t<div data-elementor-type=\"wp-page\" data-elementor-id=\"687\" class=\"elementor elementor-687\">\n\t\t\t\t\t\t<section class=\"elementor-section elementor-top-section elementor-element elementor-element-5040034 elementor-section-boxed elementor-section-height-default elementor-section-height-default\" data-id=\"5040034\" data-element_type=\"section\">\n\t\t\t\t\t\t<div class=\"elementor-container elementor-column-gap-default\">\n\t\t\t\t\t<div class=\"elementor-column elementor-col-100 elementor-top-column elementor-element elementor-element-7b7ec60\" data-id=\"7b7ec60\" data-element_type=\"column\">\n\t\t\t<div class=\"elementor-widget-wrap\">\n\t\t\t\t\t\t\t<\/div>\n\t\t<\/div>\n\t\t\t\t\t<\/div>\n\t\t<\/section>\n\t\t\t\t<section class=\"elementor-section elementor-top-section elementor-element elementor-element-6b476059 elementor-section-boxed elementor-section-height-default elementor-section-height-default\" data-id=\"6b476059\" data-element_type=\"section\" data-settings=\"{&quot;background_background&quot;:&quot;classic&quot;}\">\n\t\t\t\t\t\t\t<div class=\"elementor-background-overlay\"><\/div>\n\t\t\t\t\t\t\t<div class=\"elementor-container elementor-column-gap-default\">\n\t\t\t\t\t<div class=\"elementor-column elementor-col-100 elementor-top-column elementor-element elementor-element-5b44355\" data-id=\"5b44355\" data-element_type=\"column\">\n\t\t\t<div class=\"elementor-widget-wrap elementor-element-populated\">\n\t\t\t\t\t\t<div class=\"elementor-element elementor-element-1b75e9db elementor-widget elementor-widget-image\" data-id=\"1b75e9db\" data-element_type=\"widget\" data-widget_type=\"image.default\">\n\t\t\t\t<div class=\"elementor-widget-container\">\n\t\t\t\t\t\t\t\t\t\t\t\t\t<img fetchpriority=\"high\" decoding=\"async\" width=\"1024\" height=\"224\" src=\"http:\/\/kmita.art.pl\/wp-content\/uploads\/2021\/07\/baner-klon-1024x224.jpg\" class=\"attachment-large size-large wp-image-399\" alt=\"\" srcset=\"http:\/\/kmita.art.pl\/wp-content\/uploads\/2021\/07\/baner-klon-1024x224.jpg 1024w, http:\/\/kmita.art.pl\/wp-content\/uploads\/2021\/07\/baner-klon-300x66.jpg 300w, http:\/\/kmita.art.pl\/wp-content\/uploads\/2021\/07\/baner-klon-768x168.jpg 768w, http:\/\/kmita.art.pl\/wp-content\/uploads\/2021\/07\/baner-klon.jpg 1200w\" sizes=\"(max-width: 1024px) 100vw, 1024px\" \/>\t\t\t\t\t\t\t\t\t\t\t\t\t<\/div>\n\t\t\t\t<\/div>\n\t\t\t\t<section class=\"elementor-section elementor-inner-section elementor-element elementor-element-4f778841 elementor-section-boxed elementor-section-height-default elementor-section-height-default\" data-id=\"4f778841\" data-element_type=\"section\">\n\t\t\t\t\t\t<div class=\"elementor-container elementor-column-gap-default\">\n\t\t\t\t\t<div class=\"elementor-column elementor-col-50 elementor-inner-column elementor-element elementor-element-be5d8fb\" data-id=\"be5d8fb\" data-element_type=\"column\" data-settings=\"{&quot;animation&quot;:&quot;none&quot;}\">\n\t\t\t<div class=\"elementor-widget-wrap elementor-element-populated\">\n\t\t\t\t\t\t<div class=\"elementor-element elementor-element-19d56676 elementor-widget elementor-widget-image\" data-id=\"19d56676\" data-element_type=\"widget\" data-widget_type=\"image.default\">\n\t\t\t\t<div class=\"elementor-widget-container\">\n\t\t\t\t\t\t\t\t\t\t<figure class=\"wp-caption\">\n\t\t\t\t\t\t\t\t\t\t\t<a href=\"http:\/\/kmita.art.pl\/wp-content\/uploads\/2021\/11\/Piotrek-Plakat-2.0-1.jpg\" data-elementor-open-lightbox=\"yes\" data-elementor-lightbox-title=\"Piotrek Plakat 2.0 (1)\" data-e-action-hash=\"#elementor-action%3Aaction%3Dlightbox%26settings%3DeyJpZCI6Njg5LCJ1cmwiOiJodHRwOlwvXC9rbWl0YS5hcnQucGxcL3dwLWNvbnRlbnRcL3VwbG9hZHNcLzIwMjFcLzExXC9QaW90cmVrLVBsYWthdC0yLjAtMS5qcGcifQ%3D%3D\">\n\t\t\t\t\t\t\t<img decoding=\"async\" src=\"http:\/\/kmita.art.pl\/wp-content\/uploads\/elementor\/thumbs\/Piotrek-Plakat-2.0-1-pfi705v64mw5zevhdmzaxp4djgr70ue2b0wxdy165s.jpg\" title=\"Piotrek Plakat 2.0 (1)\" alt=\"Piotrek Plakat 2.0 (1)\" loading=\"lazy\" \/>\t\t\t\t\t\t\t\t<\/a>\n\t\t\t\t\t\t\t\t\t\t\t<figcaption class=\"widget-image-caption wp-caption-text\">POBIERZ    PLAKAT<\/figcaption>\n\t\t\t\t\t\t\t\t\t\t<\/figure>\n\t\t\t\t\t\t\t<\/div>\n\t\t\t\t<\/div>\n\t\t\t\t\t<\/div>\n\t\t<\/div>\n\t\t\t\t<div class=\"elementor-column elementor-col-50 elementor-inner-column elementor-element elementor-element-280cb4d\" data-id=\"280cb4d\" data-element_type=\"column\">\n\t\t\t<div class=\"elementor-widget-wrap elementor-element-populated\">\n\t\t\t\t\t\t<div class=\"elementor-element elementor-element-720c00be elementor-widget elementor-widget-text-editor\" data-id=\"720c00be\" data-element_type=\"widget\" data-widget_type=\"text-editor.default\">\n\t\t\t\t<div class=\"elementor-widget-container\">\n\t\t\t\t\t\t\t<p><strong>\u00a0 Piotrek Plewa<\/strong> &#8211; najstarszy w formacji \u201eStand-up wed\u0142ug Kmity\u201d. Najstarszy, ale na scenie: po prostu \u017cywio\u0142! Uwielbia roz\u015bmiesza\u0107 publik\u0119, a publika uwielbia, kiedy jej to robi. W swoim stand-upie opowie wam o dziwnym losie komika: jak si\u0119 rodz\u0105 komicy, sk\u0105d bior\u0105 pomys\u0142y, o czym marz\u0105, no i \u017ce ich m\u00f3zgi pofa\u0142dowane s\u0105 jako\u015b inaczej\u2026 Piotrek nie b\u0119dzie owija\u0142 w bawe\u0142n\u0119! W nic nie b\u0119dzie owija\u0142. Odwrotnie \u2013 b\u0119dzie rozwija\u0142! B\u0119dzie rozwija\u0142 przed wami swoj\u0105 wizj\u0119 \u017cycia \u2013 troch\u0119 szalon\u0105, troch\u0119 liryczn\u0105, troch\u0119 surrealn\u0105 \u2013 ale przede wszystkim cholernie zabawn\u0105.<\/p><p><strong>\u00a0 Tytu\u0142 programu Piotrka: &#8222;Wyznania komika&#8221;<\/strong><\/p><p>\u00a0<\/p><p style=\"text-align: center;\">* * *<\/p><p>\u00a0<\/p><p>\u00a0 Wpadnijcie na stand-up Piotrka. Wpadnijcie na jego stand-up, bo bez was \u2013 to ju\u017c nie ten sam Piotrek. Bez was \u2013 Piotrek robi si\u0119 jaki\u015b taki obcy\u2026 taki niesw\u00f3j\u2026 jako\u015b tak dziczeje, pokrywa si\u0119 sier\u015bci\u0105, zaczyna wy\u0107 do ksi\u0119\u017cyca i rozgl\u0105da\u0107 za surowym mi\u0119sem. Nie pozw\u00f3lcie na to! Wpadnijcie na jego stand-up! Na mi\u0142o\u015b\u0107 bosk\u0105 \u2013 wpadnijcie dla dobra nas wszystkich!!!<\/p>\t\t\t\t\t\t<\/div>\n\t\t\t\t<\/div>\n\t\t\t\t<div class=\"elementor-element elementor-element-1222bc0 elementor-widget elementor-widget-spacer\" data-id=\"1222bc0\" data-element_type=\"widget\" data-widget_type=\"spacer.default\">\n\t\t\t\t<div class=\"elementor-widget-container\">\n\t\t\t\t\t<div class=\"elementor-spacer\">\n\t\t\t<div class=\"elementor-spacer-inner\"><\/div>\n\t\t<\/div>\n\t\t\t\t<\/div>\n\t\t\t\t<\/div>\n\t\t\t\t\t<\/div>\n\t\t<\/div>\n\t\t\t\t\t<\/div>\n\t\t<\/section>\n\t\t\t\t<section class=\"elementor-section elementor-inner-section elementor-element elementor-element-af34cf5 elementor-section-boxed elementor-section-height-default elementor-section-height-default\" data-id=\"af34cf5\" data-element_type=\"section\">\n\t\t\t\t\t\t<div class=\"elementor-container elementor-column-gap-default\">\n\t\t\t\t\t<div class=\"elementor-column elementor-col-50 elementor-inner-column elementor-element elementor-element-33fbad5\" data-id=\"33fbad5\" data-element_type=\"column\" data-settings=\"{&quot;animation&quot;:&quot;none&quot;}\">\n\t\t\t<div class=\"elementor-widget-wrap elementor-element-populated\">\n\t\t\t\t\t\t<div class=\"elementor-element elementor-element-bc07360 elementor-widget elementor-widget-video\" data-id=\"bc07360\" data-element_type=\"widget\" data-settings=\"{&quot;youtube_url&quot;:&quot;https:\\\/\\\/youtu.be\\\/g0bN9YcL0Bc&quot;,&quot;video_type&quot;:&quot;youtube&quot;,&quot;controls&quot;:&quot;yes&quot;}\" data-widget_type=\"video.default\">\n\t\t\t\t<div class=\"elementor-widget-container\">\n\t\t\t\t\t<div class=\"elementor-wrapper elementor-open-inline\">\n\t\t\t<div class=\"elementor-video\"><\/div>\t\t<\/div>\n\t\t\t\t<\/div>\n\t\t\t\t<\/div>\n\t\t\t\t<div class=\"elementor-element elementor-element-50483f0 elementor-widget elementor-widget-video\" data-id=\"50483f0\" data-element_type=\"widget\" data-settings=\"{&quot;youtube_url&quot;:&quot;https:\\\/\\\/youtu.be\\\/IQt9HMuNELc&quot;,&quot;video_type&quot;:&quot;youtube&quot;,&quot;controls&quot;:&quot;yes&quot;}\" data-widget_type=\"video.default\">\n\t\t\t\t<div class=\"elementor-widget-container\">\n\t\t\t\t\t<div class=\"elementor-wrapper elementor-open-inline\">\n\t\t\t<div class=\"elementor-video\"><\/div>\t\t<\/div>\n\t\t\t\t<\/div>\n\t\t\t\t<\/div>\n\t\t\t\t<div class=\"elementor-element elementor-element-41f6a76 elementor-widget elementor-widget-video\" data-id=\"41f6a76\" data-element_type=\"widget\" data-settings=\"{&quot;youtube_url&quot;:&quot;https:\\\/\\\/youtu.be\\\/9-B4_MOzNOE&quot;,&quot;video_type&quot;:&quot;youtube&quot;,&quot;controls&quot;:&quot;yes&quot;}\" data-widget_type=\"video.default\">\n\t\t\t\t<div class=\"elementor-widget-container\">\n\t\t\t\t\t<div class=\"elementor-wrapper elementor-open-inline\">\n\t\t\t<div class=\"elementor-video\"><\/div>\t\t<\/div>\n\t\t\t\t<\/div>\n\t\t\t\t<\/div>\n\t\t\t\t<div class=\"elementor-element elementor-element-d29a807 elementor-widget elementor-widget-video\" data-id=\"d29a807\" data-element_type=\"widget\" data-settings=\"{&quot;youtube_url&quot;:&quot;https:\\\/\\\/youtu.be\\\/3RJXl6enHHk&quot;,&quot;video_type&quot;:&quot;youtube&quot;,&quot;controls&quot;:&quot;yes&quot;}\" data-widget_type=\"video.default\">\n\t\t\t\t<div class=\"elementor-widget-container\">\n\t\t\t\t\t<div class=\"elementor-wrapper elementor-open-inline\">\n\t\t\t<div class=\"elementor-video\"><\/div>\t\t<\/div>\n\t\t\t\t<\/div>\n\t\t\t\t<\/div>\n\t\t\t\t<div class=\"elementor-element elementor-element-e08a3cd elementor-widget elementor-widget-video\" data-id=\"e08a3cd\" data-element_type=\"widget\" data-settings=\"{&quot;youtube_url&quot;:&quot;https:\\\/\\\/youtu.be\\\/ho78FRrdyhU&quot;,&quot;video_type&quot;:&quot;youtube&quot;,&quot;controls&quot;:&quot;yes&quot;}\" data-widget_type=\"video.default\">\n\t\t\t\t<div class=\"elementor-widget-container\">\n\t\t\t\t\t<div class=\"elementor-wrapper elementor-open-inline\">\n\t\t\t<div class=\"elementor-video\"><\/div>\t\t<\/div>\n\t\t\t\t<\/div>\n\t\t\t\t<\/div>\n\t\t\t\t<div class=\"elementor-element elementor-element-876e1fc elementor-widget elementor-widget-video\" data-id=\"876e1fc\" data-element_type=\"widget\" data-settings=\"{&quot;youtube_url&quot;:&quot;https:\\\/\\\/youtu.be\\\/ITDN6JOIGvM&quot;,&quot;video_type&quot;:&quot;youtube&quot;,&quot;controls&quot;:&quot;yes&quot;}\" data-widget_type=\"video.default\">\n\t\t\t\t<div class=\"elementor-widget-container\">\n\t\t\t\t\t<div class=\"elementor-wrapper elementor-open-inline\">\n\t\t\t<div class=\"elementor-video\"><\/div>\t\t<\/div>\n\t\t\t\t<\/div>\n\t\t\t\t<\/div>\n\t\t\t\t<div class=\"elementor-element elementor-element-0bf7c4c elementor-widget elementor-widget-video\" data-id=\"0bf7c4c\" data-element_type=\"widget\" data-settings=\"{&quot;youtube_url&quot;:&quot;https:\\\/\\\/youtu.be\\\/txBBe7rL-sQ&quot;,&quot;video_type&quot;:&quot;youtube&quot;,&quot;controls&quot;:&quot;yes&quot;}\" data-widget_type=\"video.default\">\n\t\t\t\t<div class=\"elementor-widget-container\">\n\t\t\t\t\t<div class=\"elementor-wrapper elementor-open-inline\">\n\t\t\t<div class=\"elementor-video\"><\/div>\t\t<\/div>\n\t\t\t\t<\/div>\n\t\t\t\t<\/div>\n\t\t\t\t\t<\/div>\n\t\t<\/div>\n\t\t\t\t<div class=\"elementor-column elementor-col-50 elementor-inner-column elementor-element elementor-element-e062e5a\" data-id=\"e062e5a\" data-element_type=\"column\">\n\t\t\t<div class=\"elementor-widget-wrap elementor-element-populated\">\n\t\t\t\t\t\t<div class=\"elementor-element elementor-element-773ea96 elementor-widget elementor-widget-heading\" data-id=\"773ea96\" data-element_type=\"widget\" data-widget_type=\"heading.default\">\n\t\t\t\t<div class=\"elementor-widget-container\">\n\t\t\t<h2 class=\"elementor-heading-title elementor-size-default\">Gar\u015b\u0107 cytat\u00f3w<\/h2>\t\t<\/div>\n\t\t\t\t<\/div>\n\t\t\t\t<div class=\"elementor-element elementor-element-8ba07e5 elementor-widget elementor-widget-text-editor\" data-id=\"8ba07e5\" data-element_type=\"widget\" data-widget_type=\"text-editor.default\">\n\t\t\t\t<div class=\"elementor-widget-container\">\n\t\t\t\t\t\t\t<p><strong><em>\u00a0 \u00a0 <\/em><\/strong><\/p><p><strong><em>\u00a0 \u00a0Ekologia to dzisiaj dla ludzko\u015bci megawyzwanie. Na przyk\u0142ad takie lasy. Wycinamy, wypalamy gigantyczne obszary le\u015bne! Czy wiecie, \u017ce ka\u017cdego roku na Ziemi ubywa ponad 10 miliard\u00f3w drzew?! 10 miliard\u00f3w!!! Przecie\u017c przy takim tempie nied\u0142ugo w og\u00f3le zabraknie las\u00f3w!&#8230; Zastan\u00f3wcie si\u0119: gdzie my wtedy b\u0119dziemy wywozi\u0107 \u015bmieci?!&#8230;\u00a0<\/em><\/strong><\/p><p style=\"text-align: center;\"><strong><em>***<\/em><\/strong><\/p><p>\u00a0<\/p><p><strong><em>\u00a0 \u00a0 W og\u00f3le choroby psychiczne to bezmiar dziwno\u015bci. Mam koleg\u0119 \u2013 klauna, kt\u00f3ry skar\u017cy\u0142 si\u0119 lekarzom, \u017ce cz\u0119sto s\u0142yszy jakie\u015b g\u0142osy m\u00f3wi\u0105ce do niego w j\u0119zyku niemieckim. \u00a0Po zastosowaniu farmakologii i specjalnej terapii lekarze osi\u0105gn\u0119li wielki post\u0119p. Wprawdzie pacjent nadal s\u0142yszy g\u0142osy, ale obecnie ju\u017c z polskim lektorem.\u00a0<\/em><\/strong><\/p><p style=\"text-align: center;\"><strong><em>***<\/em><\/strong><\/p><p>\u00a0<\/p><p><strong><em>\u00a0 \u00a0 Z nadej\u015bciem staro\u015bci w \u017cyciu faceta wiele spraw si\u0119 zmienia. <\/em><em>O, na przyk\u0142ad taki kumpelski zwrot: \u201eJak leci?\u201d, nie jest ju\u017c zwyk\u0142ym pozdrowieniem, lecz pe\u0142nym troski pytaniem o funkcjonowanie naszej prostaty.<\/em><\/strong><\/p><p style=\"text-align: center;\"><strong><em>***<\/em><\/strong><\/p><p>\u00a0<\/p><p><strong><em>\u00a0 \u00a0 Ale tak naprawd\u0119 \u2013 to nie s\u0105 \u015bmichy-chichy, \u0107panie to powa\u017cny problem\u2026 Mam znajomego kabareciarza, kt\u00f3ry jest tak uzale\u017cniony od kokainy, \u017ce u\u017cywa jej nawet do panierowania schabowego!\u00a0<\/em><\/strong><\/p><p style=\"text-align: center;\"><strong><em>***<\/em><\/strong><\/p><p>\u00a0<\/p><p><strong><em>\u00a0 \u00a0 O, nast\u0119pny problem \u2013 woda! Ludzie, oszcz\u0119dzajmy wod\u0119! Oszcz\u0119dzajmy nasze bezcenne H<sub>2<\/sub>O!&#8230; S\u0105 r\u00f3\u017cne sposoby. Przyk\u0142adowo: m\u00f3j znajomy ekolog pije tylko wod\u00f3r. Tlen zostawia sobie do mycia i prania\u2026 Tak jest, nie wolno marnowa\u0107 ani kropli! Daj\u0105 nam teraz przyk\u0142ad Rosjanie i wprowadzaj\u0105 wielki og\u00f3lnopa\u0144stwowy program oszcz\u0119dzania wody. Przestan\u0105 rozcie\u0144cza\u0107 spirytus\u2026\u00a0\u00a0<\/em><\/strong><\/p><p style=\"text-align: center;\"><strong><em>***<\/em><\/strong><\/p><p>\u00a0<\/p><p><strong><em>\u00a0 \u00a0 Zreszt\u0105 leczy\u0142em si\u0119 u kilku psychiatr\u00f3w. Pami\u0119tam, \u017ce u jednego z nich na drzwiach gabinetu by\u0142a taka tabliczka: \u201eProsimy wchodzi\u0107 pojedynczo\u201d, a pod spodem dopisek: \u201eNie dotyczy os\u00f3b z rozdwojeniem ja\u017ani\u201d.\u00a0<\/em><\/strong><\/p><p style=\"text-align: center;\"><strong><em>***<\/em><\/strong><\/p><p>\u00a0<\/p><p><strong>\u00a0 \u00a0<em>A tak m\u00f3wi\u0105c nawiasem, to niekt\u00f3re z tych celebrytek maj\u0105 w sobie tyle silikonu, tyle botoksu, tyle syntetyk\u00f3w, \u017ce zamiast urodzin powinny obchodzi\u0107 dat\u0119 produkcji.\u00a0<\/em><\/strong><\/p><p style=\"text-align: center;\"><strong><em>***<\/em><\/strong><\/p><p>\u00a0<\/p><p style=\"text-align: left;\"><strong><em>\u00a0 \u00a0 W depresji megawa\u017cne jest wsparcie najbli\u017cszej rodziny. Na przyk\u0142ad mojego przyjaciela \u2013 znanego aktora komediowego \u2013 z depresji wyci\u0105gn\u0119\u0142a jego w\u0142asna \u017cona. Po 15 latach ma\u0142\u017ce\u0144stwa wyprowadzi\u0142a si\u0119 z domu i po depresji ani \u015bladu.\u00a0<\/em><\/strong><\/p><p style=\"text-align: center;\"><strong><em>***<\/em><\/strong><\/p><p>\u00a0<\/p><p><strong><em>\u00a0 \u00a0 Przy ocenianiu niekt\u00f3rych zawod\u00f3w cz\u0119sto jeste\u015bmy meganiesprawiedliwi. Przyk\u0142adowo: takich adwokat\u00f3w powszechnie nazywa si\u0119 papugami. A ja si\u0119 pytam: co komu z\u0142ego zrobi\u0142y te biedne ptaki, \u017ce si\u0119 je tak brutalnie obra\u017ca?!&#8230;\u00a0<\/em><\/strong><\/p><p style=\"text-align: center;\"><strong><em>***<\/em><\/strong><\/p><p>\u00a0<\/p><p><strong><em>\u00a0 \u00a0 I tu znowu w\u0105tek autobiograficzny: ja tak\u017ce mia\u0142em pr\u00f3b\u0119 samob\u00f3jcz\u0105. Kiedy\u015b <\/em><em>w akcie desperacji chcia\u0142em odebra\u0107 sobie \u017cycie poprzez wys\u0142uchanie ca\u0142ej p\u0142yty Zenka Martyniuka\u2026 Szcz\u0119\u015bliwym trafem w trakcie pierwszej piosenki wysiad\u0142 mi sprz\u0119t graj\u0105cy\u2026 Pewnie sam pope\u0142ni\u0142 samob\u00f3jstwo.<\/em><\/strong><\/p><p style=\"text-align: center;\"><strong><em>***<\/em><\/strong><\/p><p>\u00a0<\/p><p><strong><em>\u00a0 \u00a0 W budowlance tak\u017ce maj\u0105 fantazj\u0119. Par\u0119 dni temu \u2013 gdzie\u015b przy drodze \u2013\u00a0 wpad\u0142 mi w oko bilbord firmy remontowo-budowlanej: \u201eZbudujemy ci dom! A za niewielk\u0105 dop\u0142at\u0105 dodatkowo zasadzimy ci drzewo i sp\u0142odzimy syna\u201d.\u00a0<\/em><\/strong><\/p><p style=\"text-align: center;\"><strong><em>***<\/em><\/strong><\/p><p>\u00a0<\/p><p><strong><em>\u00a0 \u00a0 Inny m\u00f3j kolega \u2013 rysownik satyryczny \u2013 leczy si\u0119 na gynofobi\u0119, czyli strach przed kobietami. Strach przed kobietami \u2013 gynofobia\u2026 Moim zdaniem to si\u0119 powinno nazywa\u0107 po prostu zdrowy rozs\u0105dek.\u00a0 \u00a0<\/em><\/strong><\/p>\t\t\t\t\t\t<\/div>\n\t\t\t\t<\/div>\n\t\t\t\t\t<\/div>\n\t\t<\/div>\n\t\t\t\t\t<\/div>\n\t\t<\/section>\n\t\t\t\t<div class=\"elementor-element elementor-element-78f76237 elementor-arrows-position-inside elementor-widget elementor-widget-image-carousel\" data-id=\"78f76237\" data-element_type=\"widget\" data-settings=\"{&quot;slides_to_show&quot;:&quot;4&quot;,&quot;slides_to_scroll&quot;:&quot;2&quot;,&quot;autoplay_speed&quot;:4999,&quot;speed&quot;:499,&quot;navigation&quot;:&quot;arrows&quot;,&quot;_animation&quot;:&quot;none&quot;,&quot;autoplay&quot;:&quot;yes&quot;,&quot;pause_on_hover&quot;:&quot;yes&quot;,&quot;pause_on_interaction&quot;:&quot;yes&quot;,&quot;infinite&quot;:&quot;yes&quot;}\" data-widget_type=\"image-carousel.default\">\n\t\t\t\t<div class=\"elementor-widget-container\">\n\t\t\t\t\t<div class=\"elementor-image-carousel-wrapper swiper\" dir=\"ltr\">\n\t\t\t<div class=\"elementor-image-carousel swiper-wrapper\" aria-live=\"off\">\n\t\t\t\t\t\t\t\t<div class=\"swiper-slide\" role=\"group\" aria-roledescription=\"slide\" aria-label=\"1 of 2\"><figure class=\"swiper-slide-inner\"><img decoding=\"async\" class=\"swiper-slide-image\" src=\"http:\/\/kmita.art.pl\/wp-content\/uploads\/2021\/11\/IMG_0087-200x300.jpg\" alt=\"IMG_0087\" \/><\/figure><\/div><div class=\"swiper-slide\" role=\"group\" aria-roledescription=\"slide\" aria-label=\"2 of 2\"><figure class=\"swiper-slide-inner\"><img decoding=\"async\" class=\"swiper-slide-image\" src=\"http:\/\/kmita.art.pl\/wp-content\/uploads\/2021\/11\/IMG_0116-191x300.jpg\" alt=\"IMG_0116\" \/><\/figure><\/div>\t\t\t<\/div>\n\t\t\t\t\t\t\t\t\t\t\t\t<div class=\"elementor-swiper-button elementor-swiper-button-prev\" role=\"button\" tabindex=\"0\">\n\t\t\t\t\t\t<i aria-hidden=\"true\" class=\"eicon-chevron-left\"><\/i>\t\t\t\t\t<\/div>\n\t\t\t\t\t<div class=\"elementor-swiper-button elementor-swiper-button-next\" role=\"button\" tabindex=\"0\">\n\t\t\t\t\t\t<i aria-hidden=\"true\" class=\"eicon-chevron-right\"><\/i>\t\t\t\t\t<\/div>\n\t\t\t\t\n\t\t\t\t\t\t\t\t\t<\/div>\n\t\t\t\t<\/div>\n\t\t\t\t<\/div>\n\t\t\t\t<div class=\"elementor-element elementor-element-d8b454c elementor-widget elementor-widget-text-editor\" data-id=\"d8b454c\" data-element_type=\"widget\" data-widget_type=\"text-editor.default\">\n\t\t\t\t<div class=\"elementor-widget-container\">\n\t\t\t\t\t\t\t<h1>Wbijajcie na nasze wyst\u0119py!\u00a0 \u00a0 \u00a0 \u00a0 \u00a0602 332 119<\/h1>\t\t\t\t\t\t<\/div>\n\t\t\t\t<\/div>\n\t\t\t\t<div class=\"elementor-element elementor-element-60aeb71 elementor-widget elementor-widget-image\" data-id=\"60aeb71\" data-element_type=\"widget\" data-widget_type=\"image.default\">\n\t\t\t\t<div class=\"elementor-widget-container\">\n\t\t\t\t\t\t\t\t\t\t\t\t\t\t<a href=\"http:\/\/kmita.art.pl\">\n\t\t\t\t\t\t\t<img decoding=\"async\" width=\"1000\" height=\"126\" src=\"http:\/\/kmita.art.pl\/wp-content\/uploads\/2017\/07\/logo-1699890254.png\" class=\"attachment-large size-large wp-image-60\" alt=\"\" srcset=\"http:\/\/kmita.art.pl\/wp-content\/uploads\/2017\/07\/logo-1699890254.png 1000w, http:\/\/kmita.art.pl\/wp-content\/uploads\/2017\/07\/logo-1699890254-300x38.png 300w, http:\/\/kmita.art.pl\/wp-content\/uploads\/2017\/07\/logo-1699890254-768x97.png 768w\" sizes=\"(max-width: 1000px) 100vw, 1000px\" \/>\t\t\t\t\t\t\t\t<\/a>\n\t\t\t\t\t\t\t\t\t\t\t\t\t<\/div>\n\t\t\t\t<\/div>\n\t\t\t\t<div class=\"elementor-element elementor-element-48aa13d elementor-widget-divider--view-line elementor-widget elementor-widget-divider\" data-id=\"48aa13d\" data-element_type=\"widget\" data-widget_type=\"divider.default\">\n\t\t\t\t<div class=\"elementor-widget-container\">\n\t\t\t\t\t<div class=\"elementor-divider\">\n\t\t\t<span class=\"elementor-divider-separator\">\n\t\t\t\t\t\t<\/span>\n\t\t<\/div>\n\t\t\t\t<\/div>\n\t\t\t\t<\/div>\n\t\t\t\t\t<\/div>\n\t\t<\/div>\n\t\t\t\t\t<\/div>\n\t\t<\/section>\n\t\t\t\t<\/div>\n\t\t","protected":false},"excerpt":{"rendered":"<p>POBIERZ PLAKAT \u00a0 Piotrek Plewa &#8211; najstarszy w formacji \u201eStand-up wed\u0142ug Kmity\u201d. Najstarszy, ale na scenie: po prostu \u017cywio\u0142! Uwielbia roz\u015bmiesza\u0107 publik\u0119, a publika uwielbia, kiedy jej to robi. W swoim stand-upie opowie wam o dziwnym losie komika: jak si\u0119 rodz\u0105 komicy, sk\u0105d bior\u0105 pomys\u0142y, o czym marz\u0105, no i \u017ce ich m\u00f3zgi pofa\u0142dowane s\u0105 [&hellip;]<\/p>\n","protected":false},"author":1,"featured_media":0,"parent":0,"menu_order":0,"comment_status":"closed","ping_status":"closed","template":"elementor_header_footer","meta":{"footnotes":""},"class_list":["post-687","page","type-page","status-publish","hentry"],"_links":{"self":[{"href":"http:\/\/kmita.art.pl\/index.php\/wp-json\/wp\/v2\/pages\/687"}],"collection":[{"href":"http:\/\/kmita.art.pl\/index.php\/wp-json\/wp\/v2\/pages"}],"about":[{"href":"http:\/\/kmita.art.pl\/index.php\/wp-json\/wp\/v2\/types\/page"}],"author":[{"embeddable":true,"href":"http:\/\/kmita.art.pl\/index.php\/wp-json\/wp\/v2\/users\/1"}],"replies":[{"embeddable":true,"href":"http:\/\/kmita.art.pl\/index.php\/wp-json\/wp\/v2\/comments?post=687"}],"version-history":[{"count":219,"href":"http:\/\/kmita.art.pl\/index.php\/wp-json\/wp\/v2\/pages\/687\/revisions"}],"predecessor-version":[{"id":1299,"href":"http:\/\/kmita.art.pl\/index.php\/wp-json\/wp\/v2\/pages\/687\/revisions\/1299"}],"wp:attachment":[{"href":"http:\/\/kmita.art.pl\/index.php\/wp-json\/wp\/v2\/media?parent=687"}],"curies":[{"name":"wp","href":"https:\/\/api.w.org\/{rel}","templated":true}]}}